 and 3?
3
Let z = -290 - -433. Suppose -4*u + z = -145. What is the highest common divisor of u and 108?
36
Suppose -4*r + 39 + 137 = 0. Calculate the greatest common factor of 572 and r.
44
Let g = -24 + 20. Let r be (-2)/4 + (-14)/g. Suppose r*f = 5*b - 280, -b - 2*f = -2*b + 56. Calculate the greatest common divisor of b and 8.
8
Suppose 605*d + 2500 = 607*d. Calculate the highest common factor of 10 and d.
10
Let o be (62/(-8) + 1)*-4. Let s be (39/(-6) + 4)*(-16)/(-20). Let a be (-1)/((-2)/((-12)/s)). What is the highest common divisor of a and o?
3
Let a = -100 + 111. Let r be (129/2)/1*2 + 3. What is the highest common divisor of a and r?
11
Let g(y) = y**3 + 120. Let r = 4 + -1. Suppose -2*h - 6 = 5*z, -3*h = 3*z - r + 12. Let x be g(z). Calculate the highest common factor of x and 48.
24
Let x(p) = p**3 - 13*p**2 + 20*p - 40. Let o be x(12). Calculate the highest common divisor of o and 350.
14
Suppose x = -3*r + 5, -3*r + 0 = -5*x - 11. Let k be 26 + (x/1 - -3). Let l be (-592)/(-7) - (-28)/(-49). Calculate the highest common divisor of k and l.
28
Suppose -4*v + 4*p + 100 = 0, -3*v - v + 118 = 2*p. Let r = 2 - 0. Let g be r/8 + 54/8. Calculate the highest common factor of v and g.
7
Suppose -4*b - 4*u - 87 = u, 33 = -b + u. Let t be 4 + -2 + 0 - b. Calculate the highest common factor of t and 90.
30
Let k be 15/10 - 66/(-4). Let i = -27 - -36. Let h(w) = -w + 15. Let r be h(i). Calculate the greatest common divisor of r and k.
6
Let a(d) = d**2 + 27*d + 318. Let b be a(-18). Calculate the greatest common divisor of b and 260.
52
Let m = 145 + -35. Calculate the greatest common divisor of 66 and m.
22
Let q be 18*((-505)/(-15) - -5). What is the highest common divisor of 12 and q?
12
Suppose y - 1 = h, 0*h - 2*h + 16 = 4*y. Suppose 15 = 5*b, -h*l - 1 - 1 = -4*b. What is the highest common factor of 20 and l?
5
Let j(y) = 5*y + 16. Suppose 0 = -2*p + 4*p - 6*p. Let k be j(p). Calculate the highest common factor of k and 48.
16
Let z = 191 + -92. What is the highest common factor of 11 and z?
11
Let x(o) = -5*o**3 + 5*o + 5. Let f be x(-2). What is the highest common factor of 1050 and f?
35
Let u = -688 + 689. Calculate the highest common factor of 121 and u.
1
Suppose 10*o - 13*o = 0. Suppose o = 7*r - 2*r - 130. Suppose 22 = 5*k - 43. What is the greatest common factor of k and r?
13
Let n be (-8)/(4 - 54/15). Let v be ((-3 - 43) + 1)*n/25. Suppose -4*t + 42 = -102. What is the greatest common divisor of v and t?
36
Let s be (4/((-4)/11))/(4/(-148)). What is the highest common factor of s and 74?
37
Let k = -1 - -6. Suppose -t - 308 = -k*t. What is the highest common factor of 7 and t?
7
Let o(b) = 2*b**2 + b + 4. Let t = 17 - 13. Let p be o(t). What is the greatest common divisor of 5 and p?
5
Let l(o) = -o**3 - 20*o**2 - o + 112. Let z be l(0). Calculate the highest common divisor of 176 and z.
16
Let q be -3 + 3 - 225/(-3). Suppose 4*g + q = 9*g. What is the greatest common factor of g and 10?
5
Let k be (-3 + 10)*6/21. Suppose -10 + k = 2*w, h = 3*w + 45. Suppose -5*j = 3*p + 2*p - 35, 5*p = j - 31. What is the greatest common factor of h and j?
11
Suppose 5*w + 112 = 2*m + 4*w, -56 = -m + 5*w. Calculate the greatest common factor of 238 and m.
14
Let x(r) = -14*r. Let w be x(-1). Let b be w/21 - (-52)/3. Let p = 73 + -19. What is the highest common factor of b and p?
18
Let r = -46 - -50. Suppose -x - 33 = -3*d + 76, -r*d + 3*x = -147. What is the greatest common divisor of d and 48?
12
Let f(l) be the third derivative of 61*l**4/12 - 5*l**3/6 + 21*l**2. Let i be f(1). What is the highest common factor of i and 9?
9
Suppose -17*m - 5*v + 6 = -16*m, 0 = -2*m - 4*v + 36. Calculate the greatest common factor of 936 and m.
26
Let g be (29 - 11)/(2/3). Let o = 47 - g. Calculate the greatest common divisor of 5 and o.
5
Suppose -67*d - 1008 = -81*d. What is the highest common divisor of 108 and d?
36
Suppose -2923 = -2*u - 5*z, -2145 = -u + 3*z - 656. What is the greatest common divisor of u and 22?
22
Suppose -4*w - 4*r - 24 = 0, -5*r - 34 = 2*w - 10. Let j be (20 + -10)/(w/(-2)). Calculate the highest common factor of 30 and j.
10
Let v = -1092 + 1268. What is the highest common divisor of v and 220?
44
Suppose -5*n - 124 = -4*h - 2*n, -3*h - 3*n + 72 = 0. Let f be (4 + -3)*(54 - 4). Let w be 20/f - (-416)/10. What is the highest common factor of w and h?
14
Suppose 13*i = 10*i + 6. Calculate the greatest common divisor of i and 106.
2
Let d be (66 - (-81)/9)/(3/128). Calculate the greatest common factor of d and 50.
50
Suppose 0 = 5*r - 16 - 9. Suppose 2*g - 3*k - 164 = -4*k, 3*g - r*k = 272. What is the highest common factor of 12 and g?
12
Let p be (14 - (-5 + 1)) + (-4 - 1). What is the greatest common divisor of p and 442?
13
Let p = 15 + -36. Let u = -19 - p. What is the greatest common divisor of 5 and u?
1
Suppose -1355 + 125 = -82*i. Calculate the highest common factor of i and 54.
3
Let v be -11 + 9 - (-5 - -1). Suppose 2*y - 3*p - 71 = 0, 0 = -3*y + 5*p - v*p + 105. Calculate the highest common divisor of 272 and y.
34
Let p(l) = l**2 - 7*l + 5. Let x be p(7). Suppose 6*k = 2*k - 16. Let y be 1 - (2/k + (-1)/2). What is the highest common divisor of y and x?
1
Let d(g) = g - 14. Suppose t + 3*h - 26 = 0, -4*t + 2*h + h + 29 = 0. Let c be d(t). Let a be 23*((3 - -4) + c). What is the highest common divisor of a and 23?
23
Suppose 6*d + 164 = -916. Let f be d/(-15)*6/8. Calculate the highest common divisor of f and 6.
3
Let n be 4/18 - (-534)/27. Let q = -325 + 385. Calculate the highest common divisor of q and n.
20
Let h = 70 + -54. Suppose -3*x + 4*x - 5*b - 7 = 0, x - 2*b = h. Calculate the highest common factor of 198 and x.
22
Let o(j) = 28*j - 65. Let b be o(5). Calculate the greatest common divisor of b and 2125.
25
Let f be -3*(6/(-21) + (-20)/28). Let t be 1 + (159 - -1) + -2 + f. Calculate the highest common factor of 18 and t.
18
Let z(q) = 7*q + 197. Let p be z(-16). What is the highest common factor of 51 and p?
17
Suppose -5*d = -4*d - 4. Suppose w - d*w + 6 = 0. Suppose -w*s + 13 = -1. What is the greatest common factor of s and 28?
7
Let l(k) = k + 45. Let t be l(27). Suppose -3*y = -0*y - 72. What is the highest common factor of t and y?
24
Let x be 5 + (-2)/(-2 + (-12)/(-4)). Suppose -x*o + 45 = 15. Suppose -6*t + 2*t - 5*m = -300, -t + 86 = 4*m. What is the highest common divisor of t and o?
10
Let z = -18 + 22. Suppose -4*a + 4*s = 5 + 3, 5*s - 28 = -z*a. Suppose b = 3*q - 0*b - 21, -6 = -2*q - a*b. What is the highest common divisor of q and 9?
3
Let d(l) be the first derivative of -l**3/3 + 3*l**2 + 13*l - 6. Let v be d(9). Let u = 23 + v. What is the greatest common divisor of 99 and u?
9
Suppose 9 = l + 2*f, -f = 6 - 9. Calculate the greatest common divisor of l and 46.
1
Suppose 0 = 17*v - 1696 - 3659. Calculate the highest common factor of 525 and v.
105
Suppose 13*t - 163 = 227. Suppose 0 = t*m - 27*m - 81. Calculate the greatest common divisor of 108 and m.
27
Suppose -q + 287 - 62 = 0. What is the highest common divisor of 90 and q?
45
Let a(j) = -j**3 - 13*j**2 + j + 15. Let h be a(-13). Suppose h = -2*o + 6. Suppose -o*g = -12 - 36. What is the greatest common divisor of 264 and g?
24
Let a(d) = d**2 - 8*d - 9. Let r be a(10). Suppose 0 = -r*b + 622 - 17. What is the greatest common divisor of 11 and b?
11
Suppose -3*m + 4 = 19, -m = 5*r - 1780. What is the highest common divisor of 21 and r?
21
Let g(n) = -n - 1. Let l(z) = 45*z + 9. Let i(d) = 9*g(d) + l(d). Let o be i(2). Suppose 2*f = -6 + 22. What is the highest common factor of o and f?
8
Let t(w) = w**2 - 13*w + 64. Let q be t(9). Calculate the greatest common factor of q and 126.
14
Let d be 15/((-735)/14) + 128/7. Calculate the highest common factor of 243 and d.
9
Let w = -1768 + 1781. Let h be 4/(-10) - 457/(-5). Calculate the greatest common factor of w and h.
13
Let r be (0 + 0)*5/15. Suppose 6*t + 618 - 1644 = r. Calculate the highest common factor of 19 and t.
19
Suppose -168 = -13*q + 6*q. Calculate the greatest common factor of 204 and q.
12
Let z(n) = 23*n**2 - 2*n - 29. Let w be z(7). Let o be (2/3)/(w/216 + -5). Let t be 3/5*(4 - -11). What is the greatest common divisor of o and t?
9
Let a be 4/30 + ((-506)/(-30) - 